Is 73728953761 composite?
True
Is 2290462193 prime?
True
Is 12061018941 composite?
True
Is 216721721 composite?
False
Is 464972311 a composite number?
False
Is 11270635709 a composite number?
True
Is 5363740747 a composite number?
True
Is 138826867 a composite number?
False
Is 592482019 a composite number?
False
Is 1718993449 a prime number?
True
Is 7368283303 a composite number?
False
Is 26196833231 a composite number?
False
Is 2169624967 prime?
False
Is 19848174523 composite?
False
Is 629977001 a prime number?
True
Is 383481317 a composite number?
True
Is 2112208877 a prime number?
False
Is 5850878597 a composite number?
False
Is 951482869 a composite number?
False
Is 2570289349 a prime number?
True
Is 175897061 composite?
False
Is 16916778037 composite?
False
Is 292302401 prime?
True
Is 786127607 composite?
True
Is 1586295393 prime?
False
Is 627100599 prime?
False
Is 737347553 prime?
True
Is 1770012149 prime?
True
Is 2734780577 a prime number?
True
Is 431372783 prime?
False
Is 4786451573 a composite number?
True
Is 810200861 a prime number?
True
Is 86028925417 composite?
False
Is 327001721 a composite number?
True
Is 1128779017 composite?
True
Is 3301804697 composite?
False
Is 30784934 prime?
False
Is 8761627057 composite?
False
Is 28267978 composite?
True
Is 10685662877 composite?
False
Is 90378251 a prime number?
True
Is 5804627 a prime number?
False
Is 68509013 composite?
False
Is 16092647411 a prime number?
True
Is 23582571247 composite?
False
Is 125585429 composite?
True
Is 9164349767 a prime number?
False
Is 2191276403 a composite number?
True
Is 3262867957 a composite number?
False
Is 5833208687 a prime number?
False
Is 4152310069 prime?
False
Is 2548546997 a composite number?
False
Is 353885053 prime?
True
Is 21488965583 a composite number?
True
Is 25671367919 a prime number?
True
Is 783258947 a composite number?
False
Is 2792074421 a composite number?
False
Is 4543147571 a prime number?
True
Is 21595656011 a composite number?
True
Is 2641397257 a prime number?
False
Is 183420068999 a prime number?
True
Is 5953227559 a prime number?
True
Is 299965663 a prime number?
False
Is 3742585729 a composite number?
False
Is 25717433 composite?
True
Is 3941947279 a prime number?
True
Is 1057323257 prime?
True
Is 3409248919 a composite number?
False
Is 833723203 composite?
False
Is 13065305443 composite?
True
Is 1074650909 a composite number?
False
Is 93065442163 a composite number?
False
Is 10723865473 prime?
True
Is 2717852101 a prime number?
False
Is 2051845591 prime?
False
Is 13778674859 composite?
False
Is 473751049 a composite number?
True
Is 3271630891 composite?
False
Is 20148220013 a prime number?
False
Is 3107042803 a composite number?
True
Is 328262477 a prime number?
False
Is 1788194567 a prime number?
False
Is 7207203217 prime?
False
Is 232735443151 a prime number?
True
Is 648520777 a composite number?
True
Is 1962705109 composite?
False
Is 30002782933 a composite number?
True
Is 10182847277 a prime number?
True
Is 61351571 prime?
True
Is 355145347 a prime number?
False
Is 105675999197 prime?
True
Is 161807088401 a prime number?
False
Is 2190726646 a prime number?
False
Is 47024543 a composite number?
True
Is 8961326711 a prime number?
True
Is 152892208837 prime?
True
Is 606617237 prime?
False
Is 19867427861 prime?
True
Is 19604167631 composite?
False
Is 3091559929 a composite number?
False
Is 6592559042 a prime number?
False
Is 154863061 composite?
True
Is 36529475471 a composite number?
False
Is 25981914851 composite?
False
Is 16143073327 a prime number?
True
Is 19181811767 prime?
True
Is 1010977427 composite?
False
Is 5352332591 a prime number?
True
Is 12807199313 a prime number?
False
Is 34777009571 prime?
False
Is 94077670889 a composite number?
False
Is 158700923 prime?
True
Is 4012338139 prime?
False
Is 2608442885 composite?
True
Is 42152878607 prime?
False
Is 353617769 prime?
False
Is 21932200949 composite?
False
Is 105702655481 prime?
True
Is 239148796499 a prime number?
True
Is 624706783 prime?
True
Is 2280456478 composite?
True
Is 83816406251 a composite number?
True
Is 1481158691 prime?
True
Is 716794161 a composite number?
True
Is 612924319 composite?
True
Is 29732346839 a composite number?
True
Is 7863906557 composite?
True
Is 607606163707 a composite number?
False
Is 6841469561 prime?
True
Is 937165231 composite?
True
Is 1583701277 composite?
False
Is 16858805381 a composite number?
True
Is 272829077 prime?
False
Is 2026479673 composite?
True
Is 2969250103 a composite number?
False
Is 9963729437 composite?
True
Is 57584977367 a prime number?
False
Is 15858115243 a prime number?
True
Is 1250841451 prime?
False
Is 8139260249 prime?
True
Is 288993821 composite?
True
Is 7627018651 a prime number?
False
Is 373107282739 a prime number?
True
Is 52894126463 composite?
True
Is 6290087989 prime?
True
Is 20223739331 composite?
False
Is 43221851 prime?
True
Is 20880388709 prime?
True
Is 1199070077 prime?
True
Is 166448813351 prime?
False
Is 19923835759 prime?
False
Is 225643133 a composite number?
True
Is 34704289073 composite?
True
Is 393698629 a prime number?
True
Is 1244104161 a composite number?
True
Is 55972157179 a composite number?
False
Is 1360695643 a composite number?
True
Is 1415192771 prime?
True
Is 798607 a prime number?
False
Is 12309714239 prime?
False
Is 1747524221 a prime number?
False
Is 98325921605 prime?
False
Is 8505102149 a prime number?
True
Is 642021769 a composite number?
True
Is 580464967 a composite number?
False
Is 2988067997 prime?
True
Is 12785916943 prime?
False
Is 646747867 composite?
True
Is 70700308451 a composite number?
False
Is 79592546777 a prime number?
True
Is 511261471 a composite number?
True
Is 1060186961 a prime number?
False
Is 5755591687 a prime number?
False
Is 2275958743 composite?
False
Is 3897987677 composite?
True
Is 10640251 composite?
False
Is 60960518189 composite?
False
Is 24090320633 prime?
True
Is 77256647677 composite?
True
Is 1400350933 a composite number?
False
Is 54013797883 a prime number?
True
Is 8910019533 composite?
True
Is 2397742261 prime?
True
Is 2274309227 a composite number?
True
Is 28468572869 a composite number?
True
Is 1141225927 a prime number?
True
Is 7263072277 prime?
True
Is 72065476927 a prime number?
False
Is 1363460597 composite?
False
Is 1762916327 prime?
False
Is 4742140457 a composite number?
False
Is 3743195363 prime?
False
Is 20002636427 a composite number?
False
Is 1954011959 a prime number?
True
Is 351150809 a prime number?
False
Is 2152287047 a prime number?
False
Is 13054771627 a composite number?
True
Is 251772581 a prime number?
False
Is 18790411993 prime?
False
Is 4427250371 a prime number?
True
Is 117124237 prime?
False
Is 31328815307 a composite number?
False
Is 73385478071 a prime number?
False
Is 11080659977 composite?
True
Is 3011136443 prime?
False
Is 21580437283 a prime number?
False
Is 25799626381 a composite number?
True
Is 2571842279 composite?
False
Is 1693235909 prime?
True
Is 16710137723 a composite number?
True
Is 4241948663 composite?
True
Is 26617486009 a prime number?
True
Is 25898472389 a prime number?
False
Is 441057941 a composite number?
False
Is 267428011 prime?
True
Is 1486932257 composite?
True
Is 105884990779 a prime number?
True
Is 9792613939 a composite number?
True
Is 1228658927 composite?
True
Is 2808303331 a composite number?
False
Is 17850953 a composite number?
False
Is 624215663 prime?
True
Is 5812783177 composite?
False
Is 5095563247 composite?
False
Is 4383013199 prime?
True
Is 8077464907 a composite number?
True
Is 1268392717 composite?
True
Is 94530833801 composite?
True
Is 5928568759 composite?
False
Is 29069846083 a prime number?
True
Is 154930861 a composite number?
True
Is 20224829249 composite?
True
Is 3771968941 prime?
False
Is 161680697 composite?
False
Is 5548134367 a prime number?
True
Is 22314571751 a composite number?
True
Is 587357687 a composite number?
True
Is 18045644723 a prime number?
False
Is 9178426001 a prime number?
True
Is 266459243 prime?
False
Is 5243725039 a prime number?
False
Is 784982507 a composite number?
False
Is 498744219 composite?
True
Is 1362588317 composite?
False
Is 35795009951 prime?
True
Is 16607504981 prime?
True
Is 12476093471 a composite number?
False
Is 1